{"id":169,"date":"2020-02-10T19:23:32","date_gmt":"2020-02-10T19:23:32","guid":{"rendered":"https:\/\/philcornell.com\/?page_id=169"},"modified":"2020-04-16T19:36:28","modified_gmt":"2020-04-16T19:36:28","slug":"home","status":"publish","type":"page","link":"https:\/\/philcornell.com\/","title":{"rendered":"home"},"content":{"rendered":"\t\t<div data-elementor-type=\"wp-page\" data-elementor-id=\"169\" class=\"elementor elementor-169\">\n\t\t\t\t\t\t<section class=\"elementor-section elementor-top-section elementor-element elementor-element-591af41 elementor-section-stretched elementor-section-full_width elementor-section-height-full elementor-section-height-default elementor-section-items-middle\" data-id=\"591af41\" data-element_type=\"section\" data-settings=\"{&quot;stretch_section&quot;:&quot;section-stretched&quot;,&quot;background_background&quot;:&quot;slideshow&quot;,&quot;background_slideshow_gallery&quot;:[{&quot;id&quot;:340,&quot;url&quot;:&quot;https:\\\/\\\/philcornell.com\\\/wp-content\\\/uploads\\\/2020\\\/04\\\/PC_003.jpg&quot;}],&quot;background_slideshow_loop&quot;:&quot;yes&quot;,&quot;background_slideshow_slide_duration&quot;:5000,&quot;background_slideshow_slide_transition&quot;:&quot;fade&quot;,&quot;background_slideshow_transition_duration&quot;:500}\">\n\t\t\t\t\t\t<div class=\"elementor-container elementor-column-gap-default\">\n\t\t\t\t\t<div class=\"elementor-column elementor-col-100 elementor-top-column elementor-element elementor-element-037ddad\" data-id=\"037ddad\" data-element_type=\"column\">\n\t\t\t<div class=\"elementor-widget-wrap elementor-element-populated\">\n\t\t\t\t\t\t<section class=\"elementor-section elementor-inner-section elementor-element elementor-element-a43958b elementor-section-boxed elementor-section-height-default elementor-section-height-default\" data-id=\"a43958b\" data-element_type=\"section\">\n\t\t\t\t\t\t<div class=\"elementor-container elementor-column-gap-default\">\n\t\t\t\t\t<div class=\"elementor-column elementor-col-100 elementor-inner-column elementor-element elementor-element-f987fe0\" data-id=\"f987fe0\" data-element_type=\"column\">\n\t\t\t<div class=\"elementor-widget-wrap elementor-element-populated\">\n\t\t\t\t\t\t<div class=\"elementor-element elementor-element-4cb5816 elementor-widget elementor-widget-heading\" data-id=\"4cb5816\" data-element_type=\"widget\" data-widget_type=\"heading.default\">\n\t\t\t\t<div class=\"elementor-widget-container\">\n\t\t\t\t\t<h3 class=\"elementor-heading-title elementor-size-default\">WELCOME TO<\/h3>\t\t\t\t<\/div>\n\t\t\t\t<\/div>\n\t\t\t\t<div class=\"elementor-element elementor-element-79ca775 elementor-widget elementor-widget-image\" data-id=\"79ca775\" data-element_type=\"widget\" data-widget_type=\"image.default\">\n\t\t\t\t<div class=\"elementor-widget-container\">\n\t\t\t\t\t\t\t\t\t\t\t\t\t\t\t<img decoding=\"async\" width=\"177\" height=\"237\" src=\"https:\/\/philcornell.com\/wp-content\/uploads\/2020\/03\/LOGP_pc250.png\" class=\"attachment-large size-large wp-image-188\" alt=\"\" \/>\t\t\t\t\t\t\t\t\t\t\t\t\t\t\t<\/div>\n\t\t\t\t<\/div>\n\t\t\t\t<div class=\"elementor-element elementor-element-0476149 elementor-widget elementor-widget-heading\" data-id=\"0476149\" data-element_type=\"widget\" data-widget_type=\"heading.default\">\n\t\t\t\t<div class=\"elementor-widget-container\">\n\t\t\t\t\t<h2 class=\"elementor-heading-title elementor-size-default\">PHILCORNELL.COM<\/h2>\t\t\t\t<\/div>\n\t\t\t\t<\/div>\n\t\t\t\t<div class=\"elementor-element elementor-element-956125d elementor-widget elementor-widget-spacer\" data-id=\"956125d\" data-element_type=\"widget\" data-widget_type=\"spacer.default\">\n\t\t\t\t<div class=\"elementor-widget-container\">\n\t\t\t\t\t\t\t<div class=\"elementor-spacer\">\n\t\t\t<div class=\"elementor-spacer-inner\"><\/div>\n\t\t<\/div>\n\t\t\t\t\t\t<\/div>\n\t\t\t\t<\/div>\n\t\t\t\t\t<\/div>\n\t\t<\/div>\n\t\t\t\t\t<\/div>\n\t\t<\/section>\n\t\t\t\t\t<\/div>\n\t\t<\/div>\n\t\t\t\t\t<\/div>\n\t\t<\/section>\n\t\t\t\t<section class=\"elementor-section elementor-top-section elementor-element elementor-element-56151c1 elementor-section-stretched elementor-section-full_width elementor-section-height-default elementor-section-height-default\" data-id=\"56151c1\" data-element_type=\"section\" data-settings=\"{&quot;stretch_section&quot;:&quot;section-stretched&quot;}\">\n\t\t\t\t\t\t<div class=\"elementor-container elementor-column-gap-default\">\n\t\t\t\t\t<div class=\"elementor-column elementor-col-50 elementor-top-column elementor-element elementor-element-ceb76bd\" data-id=\"ceb76bd\" data-element_type=\"column\">\n\t\t\t<div class=\"elementor-widget-wrap elementor-element-populated\">\n\t\t\t\t\t\t<div class=\"elementor-element elementor-element-0d56e7a elementor-widget elementor-widget-video\" data-id=\"0d56e7a\" data-element_type=\"widget\" data-settings=\"{&quot;youtube_url&quot;:&quot;https:\\\/\\\/youtu.be\\\/lrJoeow8Nk0&quot;,&quot;video_type&quot;:&quot;youtube&quot;,&quot;controls&quot;:&quot;yes&quot;}\" data-widget_type=\"video.default\">\n\t\t\t\t<div class=\"elementor-widget-container\">\n\t\t\t\t\t\t\t<div class=\"elementor-wrapper elementor-open-inline\">\n\t\t\t<div class=\"elementor-video\"><\/div>\t\t<\/div>\n\t\t\t\t\t\t<\/div>\n\t\t\t\t<\/div>\n\t\t\t\t<div class=\"elementor-element elementor-element-6aa8178 elementor-widget elementor-widget-text-editor\" data-id=\"6aa8178\" data-element_type=\"widget\" data-widget_type=\"text-editor.default\">\n\t\t\t\t<div class=\"elementor-widget-container\">\n\t\t\t\t\t\t\t\t\t<pre><b>Auf einen Blick<span class=\"Apple-converted-space\">\u00a0<\/span><\/b><\/pre><p><span style=\"font-size: 1rem;\">Single-Ver\u00f6ffentlichung<\/span>\u00a0<\/p><p>Neue Single \u201eKind Heart\u201c von<span class=\"Apple-converted-space\">\u00a0<\/span><span style=\"font-size: 1rem;\">Phil Cornell jetzt erh\u00e4ltlich<\/span>\u00a0<\/p><p><b>Ver\u00f6ffentlichung<span class=\"Apple-converted-space\">\u00a0<\/span><\/b><\/p><p>Verf\u00fcgbar ab dem 17.04.2020<span class=\"Apple-converted-space\">\u00a0<\/span><\/p><p>Label: THE FLYING FOXX<span class=\"Apple-converted-space\">\u00a0<\/span><\/p><p><b>Internet<span class=\"Apple-converted-space\">\u00a0<\/span><\/b><\/p><p><a href=\"https:\/\/philcornell.com\/\">https:\/\/philcornell.com\/<span class=\"Apple-converted-space\">\u00a0<\/span><\/a><\/p><p><b>Link zum Video \/ Titel<span class=\"Apple-converted-space\">\u00a0<\/span><\/b><\/p><p><a href=\"https:\/\/youtu.be\/lrJoeow8Nk0\">https:\/\/youtu.be\/lrJoeow8Nk0<span class=\"Apple-converted-space\">\u00a0<\/span><\/a><\/p><p><b>Digitales Press-Kit inkl.<span class=\"Apple-converted-space\">\u00a0<\/span><\/b><\/p><p>https:\/\/www.tinyurl.com\/presskit-philcornell<span class=\"Apple-converted-space\">\u00a0<\/span><\/p><p><b>Pressekontakt<span class=\"Apple-converted-space\">\u00a0<\/span><\/b><\/p><p>IsarGold GmbH<span class=\"Apple-converted-space\">\u00a0<\/span><\/p><p>Carsten Bickhoff<span class=\"Apple-converted-space\">\u00a0<\/span><\/p><p>M\u00fcllerstr. 39<span class=\"Apple-converted-space\">\u00a0<\/span><\/p><p>80469 M\u00fcnchen<span class=\"Apple-converted-space\">\u00a0<\/span><\/p><p>Tel. +49 89 4141715-13<span class=\"Apple-converted-space\">\u00a0<\/span><\/p><p>carsten@isar.gold<\/p>\t\t\t\t\t\t\t\t<\/div>\n\t\t\t\t<\/div>\n\t\t\t\t\t<\/div>\n\t\t<\/div>\n\t\t\t\t<div class=\"elementor-column elementor-col-50 elementor-top-column elementor-element elementor-element-84d5e50\" data-id=\"84d5e50\" data-element_type=\"column\">\n\t\t\t<div class=\"elementor-widget-wrap elementor-element-populated\">\n\t\t\t\t\t\t<div class=\"elementor-element elementor-element-49966fe elementor-widget elementor-widget-text-editor\" data-id=\"49966fe\" data-element_type=\"widget\" data-widget_type=\"text-editor.default\">\n\t\t\t\t<div class=\"elementor-widget-container\">\n\t\t\t\t\t\t\t\t\t<p>NEWS<\/p>\n<p>Phil Cornell<span class=\"Apple-converted-space\">&nbsp;<\/span><b style=\"font-size: 1rem;\">pr\u00e4sentiert mit \u201eKind Heart\u201c seine neue&nbsp;<\/b><\/p>\n<p><b>Single, die perfekt in die aktuelle Zeit passt<span class=\"Apple-converted-space\">&nbsp;<\/span><\/b><\/p>\n<p><i>Verkauf und Streaming der Pop-Rock-Ballade, die nicht nur gut anzuh\u00f6ren ist, sondern auch zum Innehalten und Nachdenken anregt, startet heute bei allen f\u00fchrenden Musikplattformen.<span class=\"Apple-converted-space\">&nbsp;<\/span><\/i><\/p>\n<p><b>M\u00fcnchen, 17. April 2020. Viele Musiker und K\u00fcnstler lassen gerade in den letzten Wochen ihrer Kreativit\u00e4t freien Lauf. Aber nicht nur das: In der Corona-Krise formen Musiker ihre Gedanken, Gef\u00fchle und Erlebnisse in neue Songs. Sie bringen das, was die Menschen denken und bewegt, in ansprechende Melodien und regen auch die Gesellschaft und Politik zum Nachdenken an. Phil Cornell (42) hat mit seiner neuen Single \u201eKind He-art\u201c genau dies gemacht \u2013 Gedanken und Emotionen in eine fesselnde, nachdenkliche, aber auch optimistisch stimmende Pop-Rock-Ballade ver-packt. \u201eKind Heart\u201c ist die erste Single-Auskopplung seines neuen Al-bums, das im Herbst 2020 erscheint. Der neue Titel ist ab sofort bei Ama-zon<\/b><b>\u00ae<\/b><b>, im iTunes<\/b><b>\u00ae <\/b><b>Store, bei Google\u2122 Play Music und vielen weiteren On-line-Musikdiensten verf\u00fcgbar. Ein Gro\u00dfteil der Einnahmen aus dem Song wird an hilfsbed\u00fcrftige Personen gespendet, die durch die Corona-Krise besonders Not leiden.<span class=\"Apple-converted-space\">&nbsp;<\/span><\/b><\/p>\n<p><b>Kind Heart trifft direkt ins Herz<span class=\"Apple-converted-space\">&nbsp;<\/span><\/b><\/p>\n<p>Kaum ein Songtitel passt wohl besser in eine Zeit, in der Solidarit\u00e4t, Hilfsbereit-schaft, R\u00fccksichtnahme und Herzlichkeit die Gesellschaft antreiben. \u201eKind He-art\u201c, was so viel hei\u00dft wie \u201efreundliches Herz\u201c \u2013 aber eine viel gr\u00f6\u00dfere Bedeu-tung hat und zum Nachdenken anregt. Was tun wir einander an? Ist h\u00f6her, schneller, weiter alles, was z\u00e4hlt? Geht die Menschlichkeit in unserer Gesell-schaft verloren? Dies sind die Gedanken und Fragen, die Phil Cornell umtreiben und ihre Vollendung in der Pop-Rock-Ballade finden, die den Nerv der Zeit trifft und direkt ins Ohr geht. \u201eKind Heart\u201c soll wachr\u00fctteln, aber nicht belehren, zum Nachdenken anregen, aber nicht mit dem Finger auf andere zeigen. \u201eIch wollte einen Song schreiben, der uns daran erinnert, dass wir aufeinander achtgeben, uns unterst\u00fctzen, uns zuh\u00f6ren und nicht wegschauen, wenn es kompliziert Phil Cornell pr\u00e4sentiert mit der Single \u201eKind Heart\u201c einen Song, der perfekt in die Zeit passt S. 2<span class=\"Apple-converted-space\">&nbsp;<\/span><\/p>\n<p>wird\u201c, so Phil Cornell. Und das ist ihm gelungen. Mit \u201eKind Heart\u201c hat er diesen Gedanken eine Stimme und eine Melodie gegeben.&nbsp;<\/p>\n<p style=\"margin-right: 0px; margin-bottom: 0px; margin-left: 0px; font-stretch: normal; font-size: 12px; line-height: normal; font-family: Helvetica; min-height: 14px;\"><br><\/p>\t\t\t\t\t\t\t\t<\/div>\n\t\t\t\t<\/div>\n\t\t\t\t\t<\/div>\n\t\t<\/div>\n\t\t\t\t\t<\/div>\n\t\t<\/section>\n\t\t\t\t<footer class=\"elementor-section elementor-top-section elementor-element elementor-element-36084b0 elementor-section-content-middle elementor-section-full_width elementor-section-height-default elementor-section-height-default\" data-id=\"36084b0\" data-element_type=\"section\" data-settings=\"{&quot;background_background&quot;:&quot;gradient&quot;}\">\n\t\t\t\t\t\t<div class=\"elementor-container elementor-column-gap-no\">\n\t\t\t\t\t<div class=\"elementor-column elementor-col-33 elementor-top-column elementor-element elementor-element-5f7cb0a\" data-id=\"5f7cb0a\" data-element_type=\"column\">\n\t\t\t<div class=\"elementor-widget-wrap\">\n\t\t\t\t\t\t\t<\/div>\n\t\t<\/div>\n\t\t\t\t<div class=\"elementor-column elementor-col-33 elementor-top-column elementor-element elementor-element-298d5698\" data-id=\"298d5698\" data-element_type=\"column\">\n\t\t\t<div class=\"elementor-widget-wrap elementor-element-populated\">\n\t\t\t\t\t\t<div class=\"elementor-element elementor-element-7a55854d elementor-widget elementor-widget-heading\" data-id=\"7a55854d\" data-element_type=\"widget\" data-widget_type=\"heading.default\">\n\t\t\t\t<div class=\"elementor-widget-container\">\n\t\t\t\t\t<h3 class=\"elementor-heading-title elementor-size-default\">#KINDHEART<\/h3>\t\t\t\t<\/div>\n\t\t\t\t<\/div>\n\t\t\t\t<div class=\"elementor-element elementor-element-1378ee2 e-grid-align-left elementor-shape-rounded elementor-grid-0 elementor-widget elementor-widget-social-icons\" data-id=\"1378ee2\" data-element_type=\"widget\" data-widget_type=\"social-icons.default\">\n\t\t\t\t<div class=\"elementor-widget-container\">\n\t\t\t\t\t\t\t<div class=\"elementor-social-icons-wrapper elementor-grid\">\n\t\t\t\t\t\t\t<span class=\"elementor-grid-item\">\n\t\t\t\t\t<a class=\"elementor-icon elementor-social-icon elementor-social-icon-facebook elementor-repeater-item-53bc4dc\" target=\"_blank\">\n\t\t\t\t\t\t<span class=\"elementor-screen-only\">Facebook<\/span>\n\t\t\t\t\t\t<i class=\"fab fa-facebook\"><\/i>\t\t\t\t\t<\/a>\n\t\t\t\t<\/span>\n\t\t\t\t\t\t\t<span class=\"elementor-grid-item\">\n\t\t\t\t\t<a class=\"elementor-icon elementor-social-icon elementor-social-icon-twitter elementor-repeater-item-5b49f5b\" target=\"_blank\">\n\t\t\t\t\t\t<span class=\"elementor-screen-only\">Twitter<\/span>\n\t\t\t\t\t\t<i class=\"fab fa-twitter\"><\/i>\t\t\t\t\t<\/a>\n\t\t\t\t<\/span>\n\t\t\t\t\t\t\t<span class=\"elementor-grid-item\">\n\t\t\t\t\t<a class=\"elementor-icon elementor-social-icon elementor-social-icon-youtube elementor-repeater-item-0cab960\" target=\"_blank\">\n\t\t\t\t\t\t<span class=\"elementor-screen-only\">Youtube<\/span>\n\t\t\t\t\t\t<i class=\"fab fa-youtube\"><\/i>\t\t\t\t\t<\/a>\n\t\t\t\t<\/span>\n\t\t\t\t\t<\/div>\n\t\t\t\t\t\t<\/div>\n\t\t\t\t<\/div>\n\t\t\t\t<div class=\"elementor-element elementor-element-c81b1ea elementor-widget elementor-widget-spacer\" data-id=\"c81b1ea\" data-element_type=\"widget\" data-widget_type=\"spacer.default\">\n\t\t\t\t<div class=\"elementor-widget-container\">\n\t\t\t\t\t\t\t<div class=\"elementor-spacer\">\n\t\t\t<div class=\"elementor-spacer-inner\"><\/div>\n\t\t<\/div>\n\t\t\t\t\t\t<\/div>\n\t\t\t\t<\/div>\n\t\t\t\t<div class=\"elementor-element elementor-element-267d5de elementor-widget elementor-widget-text-editor\" data-id=\"267d5de\" data-element_type=\"widget\" data-widget_type=\"text-editor.default\">\n\t\t\t\t<div class=\"elementor-widget-container\">\n\t\t\t\t\t\t\t\t\t<p style=\"text-align: center;\">\u00a9 2020 PHILCORNELL.COM<\/p>\t\t\t\t\t\t\t\t<\/div>\n\t\t\t\t<\/div>\n\t\t\t\t<div class=\"elementor-element elementor-element-4aa9113d elementor-widget-divider--view-line elementor-widget elementor-widget-divider\" data-id=\"4aa9113d\" data-element_type=\"widget\" data-widget_type=\"divider.default\">\n\t\t\t\t<div class=\"elementor-widget-container\">\n\t\t\t\t\t\t\t<div class=\"elementor-divider\">\n\t\t\t<span class=\"elementor-divider-separator\">\n\t\t\t\t\t\t<\/span>\n\t\t<\/div>\n\t\t\t\t\t\t<\/div>\n\t\t\t\t<\/div>\n\t\t\t\t\t<\/div>\n\t\t<\/div>\n\t\t\t\t<div class=\"elementor-column elementor-col-33 elementor-top-column elementor-element elementor-element-107e978f\" data-id=\"107e978f\" data-element_type=\"column\">\n\t\t\t<div class=\"elementor-widget-wrap elementor-element-populated\">\n\t\t\t\t\t\t<div class=\"elementor-element elementor-element-2625529 elementor-widget elementor-widget-wp-widget-nav_menu\" data-id=\"2625529\" data-element_type=\"widget\" data-widget_type=\"wp-widget-nav_menu.default\">\n\t\t\t\t<div class=\"elementor-widget-container\">\n\t\t\t\t\t<div class=\"menu-legal-container\"><ul id=\"menu-legal\" class=\"menu\"><li id=\"menu-item-201\" class=\"menu-item menu-item-type-post_type menu-item-object-page menu-item-201\"><a href=\"https:\/\/philcornell.com\/?page_id=29\">Impressum<\/a><\/li>\n<li id=\"menu-item-202\" class=\"menu-item menu-item-type-post_type menu-item-object-page menu-item-202\"><a href=\"https:\/\/philcornell.com\/?page_id=101\">Datenschutz<\/a><\/li>\n<li id=\"menu-item-203\" class=\"menu-item menu-item-type-post_type menu-item-object-page menu-item-privacy-policy menu-item-203\"><a rel=\"privacy-policy\" href=\"https:\/\/philcornell.com\/?page_id=3\">Privacy Policy<\/a><\/li>\n<\/ul><\/div>\t\t\t\t<\/div>\n\t\t\t\t<\/div>\n\t\t\t\t\t<\/div>\n\t\t<\/div>\n\t\t\t\t\t<\/div>\n\t\t<\/footer>\n\t\t\t\t<\/div>\n\t\t","protected":false},"excerpt":{"rendered":"<p>WELCOME TO PHILCORNELL.COM https:\/\/youtu.be\/lrJoeow8Nk0 Auf einen Blick\u00a0 Single-Ver\u00f6ffentlichung\u00a0 Neue Single \u201eKind Heart\u201c von\u00a0Phil Cornell jetzt erh\u00e4ltlich\u00a0 Ver\u00f6ffentlichung\u00a0 Verf\u00fcgbar ab dem 17.04.2020\u00a0 Label: THE FLYING FOXX\u00a0 Internet\u00a0 https:\/\/philcornell.com\/\u00a0 Link zum Video \/ Titel\u00a0 https:\/\/youtu.be\/lrJoeow8Nk0\u00a0 Digitales Press-Kit inkl.\u00a0 https:\/\/www.tinyurl.com\/presskit-philcornell\u00a0 Pressekontakt\u00a0 IsarGold GmbH\u00a0 Carsten Bickhoff\u00a0 M\u00fcllerstr. 39\u00a0 80469 M\u00fcnchen\u00a0 Tel. +49 89 4141715-13\u00a0 carsten@isar.gold NEWS Phil Cornell&nbsp;pr\u00e4sentiert mit [&hellip;]<\/p>\n","protected":false},"author":1,"featured_media":0,"parent":0,"menu_order":0,"comment_status":"closed","ping_status":"closed","template":"","meta":{"footnotes":""},"class_list":["post-169","page","type-page","status-publish","hentry"],"yoast_head":"<!-- This site is optimized with the Yoast SEO plugin v24.1 - https:\/\/yoast.com\/wordpress\/plugins\/seo\/ -->\n<title>home - PHILCORNELL.COM<\/title>\n<meta name=\"robots\" content=\"noindex, follow, max-snippet:-1, max-image-preview:large, max-video-preview:-1\" \/>\n<meta property=\"og:locale\" content=\"de_DE\" \/>\n<meta property=\"og:type\" content=\"article\" \/>\n<meta property=\"og:title\" content=\"home - PHILCORNELL.COM\" \/>\n<meta property=\"og:description\" content=\"WELCOME TO PHILCORNELL.COM https:\/\/youtu.be\/lrJoeow8Nk0 Auf einen Blick\u00a0 Single-Ver\u00f6ffentlichung\u00a0 Neue Single \u201eKind Heart\u201c von\u00a0Phil Cornell jetzt erh\u00e4ltlich\u00a0 Ver\u00f6ffentlichung\u00a0 Verf\u00fcgbar ab dem 17.04.2020\u00a0 Label: THE FLYING FOXX\u00a0 Internet\u00a0 https:\/\/philcornell.com\/\u00a0 Link zum Video \/ Titel\u00a0 https:\/\/youtu.be\/lrJoeow8Nk0\u00a0 Digitales Press-Kit inkl.\u00a0 https:\/\/www.tinyurl.com\/presskit-philcornell\u00a0 Pressekontakt\u00a0 IsarGold GmbH\u00a0 Carsten Bickhoff\u00a0 M\u00fcllerstr. 39\u00a0 80469 M\u00fcnchen\u00a0 Tel. +49 89 4141715-13\u00a0 carsten@isar.gold NEWS Phil Cornell&nbsp;pr\u00e4sentiert mit [&hellip;]\" \/>\n<meta property=\"og:url\" content=\"https:\/\/philcornell.com\/\" \/>\n<meta property=\"og:site_name\" content=\"PHILCORNELL.COM\" \/>\n<meta property=\"article:modified_time\" content=\"2020-04-16T19:36:28+00:00\" \/>\n<meta property=\"og:image\" content=\"https:\/\/philcornell.com\/wp-content\/uploads\/2020\/03\/LOGP_pc250.png\" \/>\n<meta name=\"twitter:card\" content=\"summary_large_image\" \/>\n<meta name=\"twitter:label1\" content=\"Gesch\u00e4tzte Lesezeit\" \/>\n\t<meta name=\"twitter:data1\" content=\"2\u00a0Minuten\" \/>\n<script type=\"application\/ld+json\" class=\"yoast-schema-graph\">{\"@context\":\"https:\/\/schema.org\",\"@graph\":[{\"@type\":\"WebPage\",\"@id\":\"https:\/\/philcornell.com\/\",\"url\":\"https:\/\/philcornell.com\/\",\"name\":\"home - PHILCORNELL.COM\",\"isPartOf\":{\"@id\":\"https:\/\/philcornell.com\/#website\"},\"primaryImageOfPage\":{\"@id\":\"https:\/\/philcornell.com\/#primaryimage\"},\"image\":{\"@id\":\"https:\/\/philcornell.com\/#primaryimage\"},\"thumbnailUrl\":\"https:\/\/philcornell.com\/wp-content\/uploads\/2020\/03\/LOGP_pc250.png\",\"datePublished\":\"2020-02-10T19:23:32+00:00\",\"dateModified\":\"2020-04-16T19:36:28+00:00\",\"breadcrumb\":{\"@id\":\"https:\/\/philcornell.com\/#breadcrumb\"},\"inLanguage\":\"de\",\"potentialAction\":[{\"@type\":\"ReadAction\",\"target\":[\"https:\/\/philcornell.com\/\"]}]},{\"@type\":\"ImageObject\",\"inLanguage\":\"de\",\"@id\":\"https:\/\/philcornell.com\/#primaryimage\",\"url\":\"https:\/\/philcornell.com\/wp-content\/uploads\/2020\/03\/LOGP_pc250.png\",\"contentUrl\":\"https:\/\/philcornell.com\/wp-content\/uploads\/2020\/03\/LOGP_pc250.png\",\"width\":177,\"height\":237},{\"@type\":\"BreadcrumbList\",\"@id\":\"https:\/\/philcornell.com\/#breadcrumb\",\"itemListElement\":[{\"@type\":\"ListItem\",\"position\":1,\"name\":\"Home\",\"item\":\"https:\/\/philcornell.com\/\"},{\"@type\":\"ListItem\",\"position\":2,\"name\":\"home\"}]},{\"@type\":\"WebSite\",\"@id\":\"https:\/\/philcornell.com\/#website\",\"url\":\"https:\/\/philcornell.com\/\",\"name\":\"PHILCORNELL.COM\",\"description\":\"\",\"publisher\":{\"@id\":\"https:\/\/philcornell.com\/#organization\"},\"potentialAction\":[{\"@type\":\"SearchAction\",\"target\":{\"@type\":\"EntryPoint\",\"urlTemplate\":\"https:\/\/philcornell.com\/?s={search_term_string}\"},\"query-input\":{\"@type\":\"PropertyValueSpecification\",\"valueRequired\":true,\"valueName\":\"search_term_string\"}}],\"inLanguage\":\"de\"},{\"@type\":\"Organization\",\"@id\":\"https:\/\/philcornell.com\/#organization\",\"name\":\"PHILCORNELL.COM\",\"url\":\"https:\/\/philcornell.com\/\",\"logo\":{\"@type\":\"ImageObject\",\"inLanguage\":\"de\",\"@id\":\"https:\/\/philcornell.com\/#\/schema\/logo\/image\/\",\"url\":\"https:\/\/philcornell.com\/wp-content\/uploads\/2020\/03\/LOGP_pc100.png\",\"contentUrl\":\"https:\/\/philcornell.com\/wp-content\/uploads\/2020\/03\/LOGP_pc100.png\",\"width\":71,\"height\":95,\"caption\":\"PHILCORNELL.COM \"},\"image\":{\"@id\":\"https:\/\/philcornell.com\/#\/schema\/logo\/image\/\"}}]}<\/script>\n<!-- \/ Yoast SEO plugin. -->","yoast_head_json":{"title":"home - PHILCORNELL.COM","robots":{"index":"noindex","follow":"follow","max-snippet":"max-snippet:-1","max-image-preview":"max-image-preview:large","max-video-preview":"max-video-preview:-1"},"og_locale":"de_DE","og_type":"article","og_title":"home - PHILCORNELL.COM","og_description":"WELCOME TO PHILCORNELL.COM https:\/\/youtu.be\/lrJoeow8Nk0 Auf einen Blick\u00a0 Single-Ver\u00f6ffentlichung\u00a0 Neue Single \u201eKind Heart\u201c von\u00a0Phil Cornell jetzt erh\u00e4ltlich\u00a0 Ver\u00f6ffentlichung\u00a0 Verf\u00fcgbar ab dem 17.04.2020\u00a0 Label: THE FLYING FOXX\u00a0 Internet\u00a0 https:\/\/philcornell.com\/\u00a0 Link zum Video \/ Titel\u00a0 https:\/\/youtu.be\/lrJoeow8Nk0\u00a0 Digitales Press-Kit inkl.\u00a0 https:\/\/www.tinyurl.com\/presskit-philcornell\u00a0 Pressekontakt\u00a0 IsarGold GmbH\u00a0 Carsten Bickhoff\u00a0 M\u00fcllerstr. 39\u00a0 80469 M\u00fcnchen\u00a0 Tel. +49 89 4141715-13\u00a0 carsten@isar.gold NEWS Phil Cornell&nbsp;pr\u00e4sentiert mit [&hellip;]","og_url":"https:\/\/philcornell.com\/","og_site_name":"PHILCORNELL.COM","article_modified_time":"2020-04-16T19:36:28+00:00","og_image":[{"url":"https:\/\/philcornell.com\/wp-content\/uploads\/2020\/03\/LOGP_pc250.png","type":"","width":"","height":""}],"twitter_card":"summary_large_image","twitter_misc":{"Gesch\u00e4tzte Lesezeit":"2\u00a0Minuten"},"schema":{"@context":"https:\/\/schema.org","@graph":[{"@type":"WebPage","@id":"https:\/\/philcornell.com\/","url":"https:\/\/philcornell.com\/","name":"home - PHILCORNELL.COM","isPartOf":{"@id":"https:\/\/philcornell.com\/#website"},"primaryImageOfPage":{"@id":"https:\/\/philcornell.com\/#primaryimage"},"image":{"@id":"https:\/\/philcornell.com\/#primaryimage"},"thumbnailUrl":"https:\/\/philcornell.com\/wp-content\/uploads\/2020\/03\/LOGP_pc250.png","datePublished":"2020-02-10T19:23:32+00:00","dateModified":"2020-04-16T19:36:28+00:00","breadcrumb":{"@id":"https:\/\/philcornell.com\/#breadcrumb"},"inLanguage":"de","potentialAction":[{"@type":"ReadAction","target":["https:\/\/philcornell.com\/"]}]},{"@type":"ImageObject","inLanguage":"de","@id":"https:\/\/philcornell.com\/#primaryimage","url":"https:\/\/philcornell.com\/wp-content\/uploads\/2020\/03\/LOGP_pc250.png","contentUrl":"https:\/\/philcornell.com\/wp-content\/uploads\/2020\/03\/LOGP_pc250.png","width":177,"height":237},{"@type":"BreadcrumbList","@id":"https:\/\/philcornell.com\/#breadcrumb","itemListElement":[{"@type":"ListItem","position":1,"name":"Home","item":"https:\/\/philcornell.com\/"},{"@type":"ListItem","position":2,"name":"home"}]},{"@type":"WebSite","@id":"https:\/\/philcornell.com\/#website","url":"https:\/\/philcornell.com\/","name":"PHILCORNELL.COM","description":"","publisher":{"@id":"https:\/\/philcornell.com\/#organization"},"potentialAction":[{"@type":"SearchAction","target":{"@type":"EntryPoint","urlTemplate":"https:\/\/philcornell.com\/?s={search_term_string}"},"query-input":{"@type":"PropertyValueSpecification","valueRequired":true,"valueName":"search_term_string"}}],"inLanguage":"de"},{"@type":"Organization","@id":"https:\/\/philcornell.com\/#organization","name":"PHILCORNELL.COM","url":"https:\/\/philcornell.com\/","logo":{"@type":"ImageObject","inLanguage":"de","@id":"https:\/\/philcornell.com\/#\/schema\/logo\/image\/","url":"https:\/\/philcornell.com\/wp-content\/uploads\/2020\/03\/LOGP_pc100.png","contentUrl":"https:\/\/philcornell.com\/wp-content\/uploads\/2020\/03\/LOGP_pc100.png","width":71,"height":95,"caption":"PHILCORNELL.COM "},"image":{"@id":"https:\/\/philcornell.com\/#\/schema\/logo\/image\/"}}]}},"_links":{"self":[{"href":"https:\/\/philcornell.com\/index.php?rest_route=\/wp\/v2\/pages\/169","targetHints":{"allow":["GET"]}}],"collection":[{"href":"https:\/\/philcornell.com\/index.php?rest_route=\/wp\/v2\/pages"}],"about":[{"href":"https:\/\/philcornell.com\/index.php?rest_route=\/wp\/v2\/types\/page"}],"author":[{"embeddable":true,"href":"https:\/\/philcornell.com\/index.php?rest_route=\/wp\/v2\/users\/1"}],"replies":[{"embeddable":true,"href":"https:\/\/philcornell.com\/index.php?rest_route=%2Fwp%2Fv2%2Fcomments&post=169"}],"version-history":[{"count":64,"href":"https:\/\/philcornell.com\/index.php?rest_route=\/wp\/v2\/pages\/169\/revisions"}],"predecessor-version":[{"id":345,"href":"https:\/\/philcornell.com\/index.php?rest_route=\/wp\/v2\/pages\/169\/revisions\/345"}],"wp:attachment":[{"href":"https:\/\/philcornell.com\/index.php?rest_route=%2Fwp%2Fv2%2Fmedia&parent=169"}],"curies":[{"name":"wp","href":"https:\/\/api.w.org\/{rel}","templated":true}]}}